s divided by j.
11
What is the remainder when 195 is divided by 10/(-7)*((-16)/1 - -2)?
15
Let x be (-1 - -88)*-1*124/(-93). Suppose 77 + 86 = 5*g + 4*n, 0 = -4*g + 4*n + x. Calculate the remainder when g is divided by 9.
4
Let d = 315 - 140. Calculate the remainder when d is divided by 36.
31
Suppose -5*h + 11*o = 13*o - 392, 2*h - o = 155. Calculate the remainder when 778 is divided by h.
76
Let o = -451 + 470. Let f = 130 - 76. Calculate the remainder when f is divided by o.
16
What is the remainder when (-31)/(-1) - (-1)/(-1) is divided by -11 - (-185)/20 - (-395)/20?
12
Let t be 6 + -4 - 2/(-1). Suppose t*r - 214 = -5*q, 2*r + 2*r + 2*q = 208. Let a = 6 + 20. What is the remainder when r is divided by a?
25
Suppose -3*j + 2*j + 29 = -3*p, 5*p + 81 = 4*j. Calculate the remainder when 66 is divided by j.
10
Let c = -164 - -197. What is the remainder when 261 is divided by c?
30
Suppose p - f - 141 = 0, -10 = 5*f + 5. What is the remainder when p is divided by 38?
24
Let g = 21 - 18. Suppose 4*p - 4 = -2*w + 2*p, 0 = -g*w + 4*p + 20. Suppose 4*r - 29 = t, -5*t + w = 29. Calculate the remainder when 16 is divided by r.
4
Suppose -60 = -s + 3*s. Let o = s - -84. What is the remainder when (0 + 1)/(2/o) is divided by 14?
13
Suppose -n = 8 - 15. Let f = 48 + n. What is the remainder when f is divided by 14?
13
Suppose -2*l = 2*l. Suppose -4*q + 3*j + 53 = 0, 4*q + l*j = j + 47. What is the remainder when 21 is divided by q?
10
Let o(g) be the third derivative of -g**4/2 + 3*g**3/2 + 10*g**2. Calculate the remainder when o(-8) is divided by 27.
24
Let n = -394 + 409. Calculate the remainder when 32 is divided by n.
2
Let q(v) = v**3 - 2*v**2 - 3*v + 2. Suppose 4*s - 5*s = -3. What is the remainder when 306/60 - 1/10 is divided by q(s)?
1
Let d(v) = v**2 + 7*v + 6. Let s be d(-6). Let l be 1 + (1 + s)*-28. Calculate the remainder when (-6)/(((-12)/l)/(-2)) is divided by 10.
7
Suppose 3*j = 4*k + 32, 0 = 5*j + 3*k - 5 - 0. What is the remainder when j/(-12) + ((-510)/9)/(-2) is divided by 10?
8
Suppose -55 = -2*k - 3*k. Suppose -k = -c + 8. Let x(o) = o + 2. Calculate the remainder when c is divided by x(4).
1
Calculate the remainder when 55 is divided by (-184)/(-12) + 1/3*-1.
10
Suppose 2*q + q - 172 = -4*p, 5*q + 172 = 4*p. Let l = -41 + p. Calculate the remainder when 6 is divided by l.
0
Let a = 2453 - 2209. What is the remainder when a is divided by 117?
10
Let c be (-43)/(-9) - (-12)/54. Suppose 0 = -4*o - c*b + 198, -2*o + b + 86 = -3*b. Calculate the remainder when o is divided by 13.
8
Let v be (-26)/(-6) + (32/(-12))/8. Let f(w) = w + 9. What is the remainder when 19 is divided by f(v)?
6
Let g(b) = 2*b**2 - 9*b - 7. Let w be g(-5). Suppose -4*u + w - 1 = 5*q, -5*u + 3*q + 81 = 0. Calculate the remainder when 31 is divided by u.
13
Let a be 17*1 + 6*7/(-14). Suppose -a*j = 1 - 99. Calculate the remainder when 23 is divided by j.
2
Suppose 5*f = 2*s + 224, 4*s = 6 - 14. Calculate the remainder when 96 is divided by f.
8
Let j(q) = 20*q**2 - 7*q + 17. Let t be (-6)/(-4)*(5 - 8 - -5). Calculate the remainder when j(t) is divided by 36.
32
Suppose -4*h + h = -60. Suppose 5*c - 4*x - 28 = -2, -h = 5*x. Calculate the remainder when 17 is divided by (0 + -1 - -4) + c.
2
Let c be (18 + -11)*(-6)/21. Calculate the remainder when 23 is divided by (-1 - (0 - c))/(-3) - -13.
9
What is the remainder when 4/(-11)*11/(-2)*9 is divided by 5?
3
Suppose 0*t - 12 = -4*t. Suppose 3*b = 2*w - 2, -t*w + w = -5*b + 2. Calculate the remainder when b is divided by 1.
0
Let j(c) = c**3 - 13*c**2 + 8. Let h be 2/(2 - 20/8). Let m(s) = -2*s - 3. What is the remainder when j(13) is divided by m(h)?
3
Suppose 6*z = -4 + 52. What is the remainder when 32 is divided by (z + -2 + -5)/(1/17)?
15
What is the remainder when 1 - 24*(-2 - 0) is divided by 19?
11
Let p = -808 + 961. Calculate the remainder when p is divided by 37.
5
Let t(p) = -8*p - 100. What is the remainder when 219 is divided by t(-13)?
3
Suppose -286 = -4*x - 66. Suppose 9*v + x = 208. Calculate the remainder when 49 is divided by v.
15
Suppose 0 = 117*p - 81*p - 5328. What is the remainder when p is divided by 59?
30
Suppose 0*r = -2*r + 30. What is the remainder when (123 + -36)*(-1)/(-3) is divided by r?
14
Suppose 4*m - 133 = 239. Suppose 16 = -4*o - 224. Let c = o + m. Calculate the remainder when c is divided by 12.
9
Suppose 4*z - 3*p - 6 = 0, 3*p + 7 - 1 = -5*z. Let l(a) = 2*a + 9. Let s be l(z). Suppose s*v = 4*v + 25. Calculate the remainder when v is divided by 4.
1
Let n(j) = -3*j + 34. What is the remainder when 968 is divided by n(5)?
18
Suppose -j = -3*z - 3*j + 136, 2*j = 5*z - 216. What is the remainder when -75*(-25)/(1575/147) is divided by z?
43
Let p be -3 - -5 - (1 - -19). Suppose 0 = -2*v + 5*l + 1 + 45, 2*l - 31 = -3*v. What is the remainder when v is divided by (-4)/p - (-86)/18?
3
Suppose 49*d = 31*d + 864. What is the remainder when 92 is divided by d?
44
Let s = 604 - 569. What is the remainder when 241 is divided by s?
31
Let d(u) = 5*u - u + 2 + 9. Let i be d(9). Let r = i + -4. What is the remainder when r is divided by 11?
10
Let s(w) = 41*w - 268. What is the remainder when 74 is divided by s(7)?
17
Let q(n) = n + 1. Let m be q(4). Suppose 270 = m*x - 0*x. Suppose 17*l - 247 = 4*l. Calculate the remainder when x is divided by l.
16
Suppose -2*z + 8 = 0, -5*z + 16 + 31 = 3*k. Suppose 0 = k*p - 12*p + 18. What is the remainder when 35 is divided by p?
5
Let j = -41 - -72. Suppose -5*z = -2*o + j + 11, -3*o = 4*z - 63. Calculate the remainder when 39 is divided by o.
18
Calculate the remainder when 883 is divided by -14 + 6 + 4 + 3*7.
16
Let f = 11 - 8. Suppose -h - f*r + 12 = 0, 34 = 4*h - 2*r - 70. Calculate the remainder when h is divided by 13.
11
Suppose 14*m + 117 - 621 = 0. What is the remainder when m is divided by 23?
13
Let m = -208 + 99. Let t = m + 157. Calculate the remainder when t is divided by 13.
9
Suppose -780 = -5*u - 155. Let c = u - 64. Suppose -4*y + c = -7. What is the remainder when y is divided by 10?
7
Calculate the remainder when 14 + 3/(-6)*4 is divided by (14/4)/((-1)/(-2)).
5
Let s(n) = -n**3 + 8*n**2 - 6*n + 1. Let v = 127 + -111. What is the remainder when (-4)/(v/6)*(-116)/6 is divided by s(7)?
5
Suppose 77 + 169 = -3*x. Let p = -73 - x. Let k(v) = 24*v**2 - v - 1. What is the remainder when k(-1) is divided by p?
6
What is the remainder when 228 is divided by (-11 + 2)/(30/(-70))?
18
Suppose 2*j - 306 = -5*o + o, 5*o = j + 400. Suppose 3*y + 5*q = o, 3*y - 98 = -3*q - 29. What is the remainder when 52 is divided by y?
16
Let v(i) = 2*i**3 - 8*i**2 - 4*i + 7. What is the remainder when v(6) is divided by 10?
7
Let s(x) = 114 - 7*x**2 + x**3 + 14*x - 2*x**3 - 106. What is the remainder when 130 is divided by s(-9)?
42
Let u = -226 - -617. What is the remainder when u is divided by 98?
97
Let t(l) be the third derivative of -3*l**6/40 - l**5/60 - l**4/8 - l**3/3 + 11*l**2. What is the remainder when 25 is divided by t(-1)?
7
Suppose -3*v = -n - 88, -2*v = -2*n - 4 - 60. Suppose 0 = 8*m - 460 - 196. What is the remainder when m is divided by v?
26
Let o(k) = k**2 + 13*k + 15. Let m be o(-12). Let u(j) = 30*j + 5. What is the remainder when u(m) is divided by 12?
11
Let n be (-2)/(-11) - 2282/(-154). Let z = n - 18. What is the remainder when z/(-12) - 59/(-4) is divided by 8?
7
Let g = -26 + -56. Let m = g - -94. What is the remainder when 69 is divided by m?
9
Let y(l) = 2*l**3 - l**2 + 8*l - 7. Suppose 4*h = 4*j + 60, -3*j - 2*j + 2 = 2*h. What is the remainder when y(2) is divided by h?
10
Let m be (-1 + (-2)/(-8))/(29/(-4060)). Suppose 2*s = -5*s + m. Calculate the remainder when s is divided by 6.
3
Suppose 117 = 12*h - 3*h. Calculate the remainder when 58 is divided by ((-8)/(-5))/(h/(650/4)).
18
Let v(u) = -u**3 + 10*u**2 - 5*u + 2. Let l be v(7). Let h = 140 - l. What is the remainder when h is divided by 10?
6
Let u(h) = -30*h**3 + 8*h**2 + 8*h + 1. What is the remainder when 309 is divided by u(-1)?
30
Let d be 68/4 - 1*2. What is the remainder when (-1)/((-18)/d + 1) is divided by (-4)/(-22) - (3 - 477/99)?
1
Let y(r) = r**2 - 8*r - 25. Calculate the remainder when 66 is divided by y(12).
20
Let x(s) = -s**3 + 8*s**2 - 3*s + 26. 